))/(((-8)/354)/(-2)) is divided by c.
14
Let t = 79 + 7. Suppose 273 = 5*a + 4*i, -13 - t = -2*a - 5*i. Suppose -4*h = -a + 1. What is the remainder when 27 is divided by h?
13
Let d(f) = -37*f - 231. What is the remainder when d(-23) is divided by 9?
8
Let a = -52 + 35. Let u = a + 80. Calculate the remainder when u is divided by 16.
15
Suppose 2*g - 2*h + 26 = 6*g, 4*g - 3*h - 21 = 0. Suppose 0 = -g*y + 16*y - 340. Calculate the remainder when 129 is divided by y.
27
Let v be ((-2)/(-3))/((-4)/(-12)) - -36. Suppose t + 21 = v. What is the remainder when 32 is divided by t?
15
Let x(w) = w - 6. Let o = 22 - 15. Let s be x(o). Calculate the remainder when 11 is divided by 1/s + (-1 - -3).
2
Let w be (-42)/(-8) - (-2)/(-8). Suppose -4*j = 2*t - 234, t + 2*t + 298 = w*j. What is the remainder when j is divided by (-11)/(77/(-20))*(-7)/(-1)?
19
Let g(t) = 3*t**2 + 7*t - 5. Let p(k) = -22 + 0*k + 14 - k. Let h be p(-4). What is the remainder when g(h) is divided by 9?
6
Suppose -3*x = 2*x - 275. Let o(k) = k**2 + 2*k + 3. Let j be o(-3). Suppose b = j*b - x. What is the remainder when 19 is divided by b?
8
Let o(x) = x - 3. Let a be o(-10). Let k = a - -18. Suppose k*v - 85 = -35. Calculate the remainder when 28 is divided by v.
8
Let s be ((-20)/6 + 3)*0. Suppose 5*q - 2 - 54 = n, -2*q - n + 28 = s. Calculate the remainder when 83 is divided by q.
11
Suppose 5*b - 4*b = 0. Calculate the remainder when (b - (-3)/(-3))*(-279)/3 is divided by 24.
21
Let x = -10 + 13. Suppose 0 = -x*a - a + 172. Suppose -4*s + 4*p + 47 = 11, -4*s + a = 3*p. Calculate the remainder when 39 is divided by s.
9
Let d(w) = w**2 + 12*w - 11. Let b be d(-13). What is the remainder when 13 + -1 + b - 1 is divided by 8?
5
Let o(y) be the first derivative of 11*y**2/2 - 26*y + 27. What is the remainder when o(8) is divided by 34?
28
Let i = 11 + -9. Suppose i*x - x = 2*h - 73, -h - x = -44. Suppose 3*f - 36 = h. Calculate the remainder when f is divided by 7.
4
Suppose 8*f + 53 = 77. Calculate the remainder when 98 is divided by f.
2
Let x = -100 - -37. What is the remainder when 130 is divided by 4/(-18) - 770/x?
10
Let b(k) = -2*k**2 - 12*k + 21. What is the remainder when 355 is divided by b(0)?
19
Let b = 733 - 657. What is the remainder when 293 is divided by b?
65
Let o = -9 + 11. Let g be 3/3 + 70/o. What is the remainder when 4/(-18) + 1628/g is divided by 23?
22
Let m(h) = 19*h + 141. Calculate the remainder when 933 is divided by m(-7).
5
Let r(o) = -37*o. Let q be r(3). Let c = -53 - q. What is the remainder when c is divided by 20?
18
Let b(w) = 18*w - 3. Let v = 23 - 19. Suppose -v*a + 18 + 14 = 0. What is the remainder when b(1) is divided by a?
7
Let s = -305 + 361. Calculate the remainder when 210 is divided by s.
42
What is the remainder when 53 is divided by (-5)/(-25) - (-276)/20?
11
Let y be (-11*2)/(5/10). Let t be ((-737)/y)/(2/8). Let o = 5 + t. What is the remainder when o is divided by 15?
12
Let u be 1/(-5) + 4 + (-126)/(-5). Suppose -2*q + u = -17. Calculate the remainder when q is divided by 9.
5
Let m be (-77 - -2)*1/(-3). Suppose -q - 4*q = -m. Calculate the remainder when 13 is divided by 16/20*q*2.
5
Let p = -8 - -27. Let l = p - 4. Suppose -2*k = 2*x - 54, 71 + 41 = 4*x + 2*k. What is the remainder when x is divided by l?
14
Let z = -526 + 1362. What is the remainder when z is divided by 15?
11
Let j(h) = -h**3 + h**2 + 12. Suppose 17*n - 12*n = 0. What is the remainder when j(n) is divided by 8?
4
Suppose 905 = -7*w + 982. Calculate the remainder when ((-284)/12 + 2)*-3 is divided by w.
10
Let k = 129 - 296. Let p = k + 349. Calculate the remainder when p is divided by 46.
44
Let o(l) = 12*l + 3. Let q be o(-6). Let b = -34 - q. Calculate the remainder when b is divided by 9/(-2*(-1)/2).
8
Let g(v) = -v**3 + 5*v + 8. Let h(o) = o**2 - 1. Let a(i) = g(i) - 3*h(i). What is the remainder when a(-5) is divided by 8?
4
Suppose 5*f + 4*m = 129, 6*m + 133 = 5*f + 9*m. What is the remainder when f is divided by 1/(-2)*-4 + 10?
5
Let r(p) = 5*p**2 + 4*p + 3. Calculate the remainder when 103 is divided by r(-2).
13
Suppose -2*w - 96 = w. Let a be 50/8 + 8/w. Suppose 0*y - 90 = -a*y. What is the remainder when 42 is divided by y?
12
Suppose -122*d + 117*d = h - 2, -h + 14 = d. What is the remainder when 82 is divided by h?
14
Suppose 4*x - 116 = -2*r, 0*x + x - r = 29. What is the remainder when 115 is divided by x?
28
Let x = -5 + 184. Calculate the remainder when x is divided by 15.
14
Suppose l - 31 = 4*b, -2*l - 4*b = -3*b - 35. Suppose -3*o - 13 = 4*z + 28, 0 = -3*z + 3*o - 36. Let u = -6 - z. What is the remainder when l is divided by u?
4
Let q(m) = m**2 - 23*m - 5*m**2 - 1 + 4*m**2 + 7*m**2. What is the remainder when q(-4) is divided by 41?
39
What is the remainder when 3 - (46/322 - 1128/7) is divided by 78?
8
Suppose 11*k - 3*k + 16 = 0. Calculate the remainder when (-2*(-1)/k)/(1/(-107)) is divided by 28.
23
What is the remainder when 341 is divided by -38*(-2 - (1/2)/(-1))?
56
Let q(p) = 4*p**2 + 3*p - 2. Let y(h) = h**2. Let r(z) = -q(z) + 3*y(z). Let u be r(-2). Suppose 45 = u*b + b. Calculate the remainder when b is divided by 6.
3
Let w(u) = -2*u - 12. Let y be w(-6). Suppose 3*r - 3*m - 13 = 35, -5*m = y. What is the remainder when 29 is divided by r?
13
Let o = 755 + -549. Calculate the remainder when o is divided by 23.
22
Let r = 152 - 32. Suppose 0*g + l - 140 = -5*g, -5*l + r = 5*g. Suppose n = 1, -58 + 11 = -5*s + 3*n. Calculate the remainder when g is divided by s.
9
Let t(l) = -2*l + 1. Let q be t(-1). Let f be (-9 + q)*(1 - -1). Let x(z) = z**2 + 10*z - 4. Calculate the remainder when 78 is divided by x(f).
18
Let i(k) = k**3 - k**2 - 2*k + 4. What is the remainder when i(0) is divided by -9 + 9 + 3*1?
1
Let p = 193 - 127. Let j = 16 + -14. Suppose 4*t - 47 - 80 = -5*w, -5*w = j*t - 121. What is the remainder when p is divided by w?
20
Suppose -2*y + 5*c - 3*c + 398 = 0, c + 784 = 4*y. What is the remainder when y is divided by 56?
27
Suppose -7*h = -d - 3*h + 107, 0 = -5*d - 3*h + 443. What is the remainder when 216 is divided by d?
34
Let j be 10/(-30) + -19*(-4)/3. Suppose j*y = 24*y + 12. Calculate the remainder when 20 is divided by y.
8
Suppose 4*z + 7 - 55 = 0. Let q(s) = -2*s + 2*s - 2*s + z. What is the remainder when 42 is divided by q(-5)?
20
Suppose -2*s = 5*r - 32, 5*r - 3*s + 2 - 29 = 0. Let g = r + 3. Let z = 27 + -11. What is the remainder when z is divided by g?
7
Let m = 424 - 283. Calculate the remainder when m is divided by 18.
15
Let f = -52 + 2. What is the remainder when 86 is divided by (270/f)/((-6)/20)?
14
Let n = 37 + 150. What is the remainder when n is divided by 40?
27
Suppose l = c + 240, -5*c + 6*c + 722 = 3*l. What is the remainder when l is divided by 49?
45
Suppose -2*m + 127 = z, 2*m + z = 2*z + 137. Suppose 0 = b - 0*r - 3*r - 22, -5*r + m = 2*b. Calculate the remainder when 84 - (2/2 - 0) is divided by b.
27
Let y = 250 + -245. Calculate the remainder when 42 is divided by y.
2
Let m(q) = 17*q**3 + 3*q**2 + q - 3. What is the remainder when 174 is divided by m(1)?
12
Suppose 5*f - 85 = -5*n, -4*f = 2*n - 6*n + 36. What is the remainder when 42 is divided by n?
3
Let k = 606 - 596. Calculate the remainder when 157 is divided by k.
7
Suppose 3*x = 2*a + 5 - 21, -2*x - 15 = 3*a. Let k(q) = q**2 + 3*q + 4. What is the remainder when 1/3 + (-322)/x is divided by k(-5)?
12
Let x = -100 + 161. Suppose 5*p + 342 = 11*p. Suppose 23 = 5*r - p. Calculate the remainder when x is divided by r.
13
Suppose 5*j = -5*f + 120, -6*f = -f. Calculate the remainder when 92 is divided by j.
20
Let q(f) = 37*f - 219. Calculate the remainder when 148 is divided by q(8).
71
Suppose -5*g = -27 - 53. What is the remainder when 0 + 106 - -1*(-1)/(-1) is divided by (g - -2)/(8/12)?
26
Let o(b) = b**2 - 20*b - 19. Calculate the remainder when 8 is divided by o(21).
0
Calculate the remainder when 45 is divided by ((-522)/116)/((-6)/16).
9
Suppose -12 = -f - 2*f. Suppose -3*p + f*r - 10 = -6*p, 8 = 2*r. Calculate the remainder when 43 is divided by (-7)/14*p*15.
13
Let t = 154 - 114. Calculate the remainder when 477 is divided by t.
37
Let m(d) = -d**3 - 5*d**2 - 4*d + 1. Let h(y) = -y**3 + 8*y**2 + 10*y + 8. Let p be